*h**2 + 3*h + 4. What is the units digit of w(z)?
3
Let l(r) = r**2 - 2*r - 4. Let s be l(4). Let g be 22/(-4)*(-2 - 2). Suppose 2*h - v = v + 12, -s*h + 2*v + g = 0. What is the units digit of h?
5
What is the units digit of 3/(-18)*-3*38?
9
Let v be (21/6)/(2/4). Let w(f) = -f + 6 - 3*f - 3*f + f**2. What is the units digit of w(v)?
6
Let b(k) = -7*k**3 + 2*k**2 + k. Let w be b(-1). Suppose n + 2*y = 27, -5*y - w = -2*n + 1. What is the units digit of n?
7
Suppose -578 = -4*j - 2*i, -5*j + i + 446 = -2*j. Suppose 5*l - j = 2*l. What is the units digit of l?
9
Let j = -2 - -26. What is the tens digit of j?
2
Let j = 103 - 48. What is the units digit of j?
5
Let r(o) = 7*o**2 - 1. Let i be r(-1). Let c(q) = -i*q - q + 2*q - 5*q. What is the units digit of c(-1)?
0
Suppose -171 = 8*c - 11*c. What is the tens digit of c?
5
Suppose -3*l + 2 = 5. What is the units digit of -3 + 22 - l*1?
0
Let z(s) = -s**2 + 18*s - 9. What is the tens digit of z(12)?
6
Suppose 0 = -m - 3*m + 8. Let y(f) = 3 + 3*f**2 - 3*f**m + f**2 - 2*f. What is the units digit of y(4)?
1
Suppose -62 = -4*l - 2*o, -2*l + 0 + 51 = -3*o. What is the tens digit of l?
1
Let h(n) = 1 - 10*n**3 + 2*n**2 + 0*n**2 + 0*n**2 + 2*n. Let b = 8 - 9. What is the units digit of h(b)?
1
Suppose -4 = 4*g + 4*k, 4*g + 6*k = 3*k - 1. Suppose 3*r = -g*q + 14, -5*q + 13 + 12 = 5*r. What is the units digit of r?
4
Suppose 2*b - 3*o - 42 = -b, b + 2*o = 2. Let p(w) = -w**2 - 7 + 12*w + 0 - 3. What is the tens digit of p(b)?
1
Let u(f) = -8*f - 2. What is the tens digit of u(-4)?
3
Let a(s) = -s**2 - s + 11. Let b be 3/9 + (-42)/(-9). Let j = b + -5. What is the units digit of a(j)?
1
Let p = 79 - -5. What is the tens digit of p?
8
What is the tens digit of 1866/(-8)*(-40)/30?
1
Suppose -n - 3*l = n - 13, 2*l - 12 = -3*n. Let m = 4 - n. What is the units digit of (4/m)/(3/6)?
4
Let g(c) = -13*c - 21. What is the units digit of g(-17)?
0
Suppose -5*i = -5*b + 5, 3*b - 5 - 10 = -i. Suppose -160 = -i*h - 2*h + v, -4*v = 0. Let n = h + -19. What is the units digit of n?
3
Let n = 33 - 15. What is the tens digit of n?
1
What is the units digit of (-1)/((-6)/8)*48?
4
Suppose 4*a - 77 = 5*d, 6*a - 4*d = 3*a + 59. Let z be (32/12)/(1/3). Let f = a - z. What is the units digit of f?
5
Let j(w) = -3*w - 6*w + 7 + w**2 + 3. Let s be j(7). What is the units digit of (3/s)/((-5)/20)?
3
Let r(u) = 17*u**2 - u. What is the tens digit of r(-1)?
1
Suppose 5*o = 3*g - 52, -o - o = 3*g - 59. What is the tens digit of g?
1
Suppose 2*z + g - 539 = 0, -2*z - 3*g + 1081 = 2*z. What is the hundreds digit of z?
2
Let u = -25 - -73. What is the tens digit of u?
4
Let f = 0 + 0. What is the units digit of 2*(-1 - (f + -3))?
4
Suppose -j + 87 = 2*j + 5*c, 2*c = -3*j + 96. What is the units digit of j?
4
Suppose -3*t + 8*t - 20 = 0. Suppose t*g + 15 = q - 1, -4*g = -2*q + 28. What is the units digit of q?
2
What is the tens digit of (116/(-3))/(4/(-6))?
5
Let m be ((-88)/(-33))/((-2)/(-3)). Let j = m - -11. What is the units digit of j?
5
Let y = 78 + -40. What is the tens digit of y?
3
Suppose a = 5*p + 32, -4 = 2*a + 5*p + 7. What is the units digit of a?
7
Let y be (-2)/((-4)/90) - 0. Let n be -2 - y/(-3) - -1. Suppose -n + 44 = 5*p. What is the units digit of p?
6
Let b(u) be the second derivative of u**4/12 - 2*u**3/3 - 3*u**2/2 + 2*u. Let m be b(5). Suppose 2*w - 12 = -p, m*w - 6 = -2. What is the units digit of p?
8
What is the tens digit of 314/2 + (-3)/(1 - 0)?
5
Let c be 1 + -1 + 6/3. Let h be (-3)/(-3) + c + -1. Suppose -j + 4 = -h. What is the units digit of j?
6
Let d(y) = -2*y**3 - 2*y**2 + 3*y + 2. Let v be d(-2). Suppose 40 = v*b - 0*b + 2*s, 4*b + s - 42 = 0. What is the units digit of b?
1
Let b be (-30)/(-4) + (-1)/2. Let i = b - -32. Suppose 4*v = 2*m + 34, -v + 3*m + i = 3*v. What is the units digit of v?
6
Suppose -m = -x - 15, 4*m + m - 2*x = 60. What is the tens digit of ((-75)/m)/(1/(-2))?
1
Let u be -3*1*16/6. Let s = 16 + u. What is the units digit of s?
8
Let c(x) = -3*x - 2*x - 5 + 4*x. Let i be (-69)/9 + 4/6. What is the units digit of c(i)?
2
Let i = 13 - 11. Suppose -96 = -4*w + 4*u, 51 = i*w - 2*u + u. What is the units digit of w?
7
Let d(a) = 49*a - 27. What is the units digit of d(7)?
6
Let p(r) = 7*r + 5. Let a be p(-4). Let i = -11 - a. What is the tens digit of i?
1
Suppose 4*g = 7*g - 15. Suppose 2*f + g*v = 28, 4*f + f - 8 = 3*v. What is the units digit of f?
4
Let n(y) = -32*y**2 - y. Let g be n(1). Let d = g + 56. What is the tens digit of d?
2
Let k(d) = -6*d - 16. Let l(a) = -7*a**2 - a. Let p be l(1). What is the units digit of k(p)?
2
Let m = -26 - -75. Let x = -24 + m. What is the units digit of x?
5
Suppose 0 = -0*j + 4*j. What is the units digit of 4 + (-9)/3 - j?
1
Let f(x) = -x + 1. Suppose 3 = 5*c + 2*m, -2*c + 5 = 3*m - 5. Let i(v) = v**3 - 6*v**2 - 5*v + 7. Let d(k) = c*i(k) + 2*f(k). What is the units digit of d(6)?
3
Suppose 0 = 2*q - 7*q + 80. Let a = q - 35. Let g = -9 - a. What is the tens digit of g?
1
Suppose 3*c - 41 = -5*o, 4*c = -2*o + o - 2. Suppose -q + 28 = -4*a + 4*q, -5*q = 3*a - 14. Let d = o + a. What is the units digit of d?
8
Suppose -5*v + 3*j + 1 = -2, -5*v - 5*j - 5 = 0. Suppose -3*f + v*f + 57 = 0. What is the units digit of f?
9
Suppose -3 = -z - 3*m + 5, 4*z - 3*m = 17. Let k(c) = -c**2 + 6*c + 2. What is the units digit of k(z)?
7
Let q(k) = k**3 - 2*k**2 - 2*k + 2. Let f be q(3). Let y be ((-14)/(-35))/((-1)/f). What is the tens digit of 10 - -2*y/(-4)?
1
Let z(d) = -d + 1. Let c(t) = -4*t + 4. Let l be 2*(-10)/(-8)*2. Let f(y) = l*z(y) - c(y). What is the units digit of f(-4)?
5
Let g(p) = p**3 - 11*p**2 - p + 10. Let f be g(11). Let o(t) = -21*t**3 - t**2. What is the units digit of o(f)?
0
What is the units digit of -10*(-6)/(-15)*-1 - -128?
2
Suppose -2*o + 4*w = -338, 0 = -5*o - 5*w - 19 + 819. What is the hundreds digit of o?
1
Let j = -74 - -128. What is the units digit of j?
4
Suppose -w + 65 = 14. Let i = -27 + w. What is the tens digit of i?
2
Let d(p) = p**3 + 2*p**2 + 3*p + 2. Let x(z) = -2*z**3 - z + 1. Let q be x(1). Let f be d(q). Let v(j) = -j - 3. What is the units digit of v(f)?
1
Let x be 15 + -1 - (3 - -1). Suppose -2*h + 4*d - x = -26, -3*d = h - 33. What is the tens digit of h?
1
Suppose -a + 29 = -6*i + 3*i, 0 = -3*a - 5*i + 17. What is the tens digit of a?
1
Let a be 6 - -2 - 4/2. Suppose 2*m - m - 39 = -5*d, 5*m = 2*d + a. What is the units digit of d?
7
Suppose 4*s + l - 216 = 0, 0 = -4*s + 6*s + 3*l - 98. What is the tens digit of s?
5
Let w(n) = 3*n - 2. Suppose -5*b + 7 = -3*l, 2*l = 4*b - 9 + 3. Let z be w(b). Let q = z + -2. What is the units digit of q?
2
Let w(b) = b**3 + 7*b**2 + 4*b + 23. Let r be w(-7). Suppose -u - 3*u + 44 = -4*s, -2*s = -3*u + 21. Let d = r - s. What is the units digit of d?
7
Let y(i) = 3*i + 1. Let a(b) = -b. Let g(j) = -2*a(j) - y(j). What is the units digit of g(-9)?
8
Let s(l) = -3*l + 3. Let t(b) = b - 1. Let a(p) = -s(p) - 2*t(p). Let j(c) = -c**2 + 6*c + 2. Let h be j(5). What is the units digit of a(h)?
6
Let l(i) = -i**2 - i + 2. Let k be l(0). Suppose -o + 4*p - 2*p + k = 0, 2 = 5*o - 2*p. Suppose -a + 0*a + 3 = o. What is the units digit of a?
3
Let z(c) = c**3 + 13*c**2 + 11*c + 10. What is the units digit of z(-8)?
2
Let p = 102 - 23. What is the tens digit of p?
7
Suppose 3*d - t + 5*t = 49, 4*t - 26 = -2*d. What is the units digit of d?
3
Suppose -3*r - p = -8 - 9, 3*p = -r + 11. What is the units digit of r?
5
Suppose 0*o + 3*o = 12. Suppose o = 4*y, 4*n - y - 9 = -n. Suppose p - n = -p. What is the units digit of p?
1
Let r = 27 - 11. What is the tens digit of r?
1
Let f(m) = 2 + 0 + 1 + 0 - 7*m. What is the units digit of f(-2)?
7
Let n(u) = u**3 - u. Let s be n(0). Let t(c) = c**2 + c + 5. What is the units digit of t(s)?
5
Let z = -6 - -17. What is the units digit of z?
1
Suppose -285 + 3325 = 8*n. What is the tens digit of n?
8
Suppose -u + i = -5, 5*u - 4*i - 13 = 7. Let y = 2 + u. What is the units digit of y?
2
Let f = 5 + -3. Let j be 0 + (-6)/((-6)/f). Suppose j*b - 19 = 5. What is the tens digit of b?
1
Suppose -4*n = -n - 54. Suppose -4*h = -46 + n. Suppose -3*y = 1 - h. What is the units digit of y?
2
Let q(y) be the third derivative of y**4/12 + 2*y**3/3 - 2*y*